 of 240 and 1340?
20
Calculate the highest common factor of 40 and 235.
5
Calculate the highest common factor of 30 and 405.
15
Calculate the highest common divisor of 141 and 141.
141
Calculate the greatest common divisor of 6 and 15.
3
Calculate the greatest common divisor of 45 and 18.
9
What is the highest common divisor of 848 and 53?
53
Calculate the highest common divisor of 549 and 427.
61
Calculate the highest common divisor of 1554 and 6.
6
Calculate the highest common divisor of 585 and 45.
45
What is the highest common factor of 50 and 30?
10
What is the highest common factor of 102 and 66?
6
Calculate the greatest common factor of 32 and 272.
16
Calculate the highest common factor of 820 and 123.
41
Calculate the greatest common divisor of 59 and 413.
59
What is the greatest common factor of 17 and 68?
17
What is the greatest common factor of 84 and 63?
21
What is the greatest common divisor of 187 and 8993?
17
Calculate the highest common divisor of 89 and 21182.
89
Calculate the highest common divisor of 2 and 51.
1
Calculate the greatest common divisor of 80 and 430.
10
Calculate the highest common divisor of 38 and 140942.
38
What is the highest common divisor of 10 and 250?
10
Calculate the highest common divisor of 35 and 168.
7
What is the greatest common divisor of 745 and 596?
149
What is the greatest common factor of 12 and 510?
6
What is the greatest common divisor of 78 and 338?
26
What is the greatest common divisor of 4216 and 1984?
248
What is the greatest common factor of 36 and 3717?
9
Calculate the highest common factor of 88 and 1892.
44
What is the greatest common factor of 24 and 498?
6
What is the greatest common divisor of 3730 and 80?
10
Calculate the greatest common divisor of 140 and 308.
28
Calculate the highest common factor of 41683 and 73.
73
Calculate the greatest common factor of 25 and 21825.
25
What is the highest common factor of 72 and 882?
18
Calculate the highest common factor of 135 and 15720.
15
Calculate the highest common factor of 2754 and 1530.
306
What is the highest common divisor of 63 and 315?
63
Calculate the highest common divisor of 768 and 6.
6
Calculate the greatest common divisor of 850 and 15.
5
Calculate the highest common factor of 610 and 1342.
122
Calculate the greatest common divisor of 16 and 46672.
16
What is the highest common factor of 451 and 11?
11
What is the greatest common divisor of 956 and 15057?
239
Calculate the greatest common factor of 168 and 1778.
14
What is the greatest common divisor of 450 and 486?
18
Calculate the greatest common divisor of 363 and 99.
33
Calculate the greatest common divisor of 11 and 704.
11
What is the highest common factor of 6 and 117?
3
What is the greatest common factor of 40 and 870?
10
Calculate the greatest common divisor of 96 and 112.
16
What is the greatest common factor of 84 and 224?
28
What is the greatest common divisor of 5190 and 60?
30
Calculate the greatest common factor of 42 and 1050.
42
Calculate the highest common factor of 6893 and 113.
113
Calculate the greatest common divisor of 8 and 2092.
4
Calculate the greatest common factor of 26 and 26.
26
What is the highest common divisor of 444 and 96?
12
Calculate the highest common divisor of 4171 and 43.
43
What is the greatest common divisor of 5 and 145?
5
Calculate the highest common factor of 2806 and 3782.
122
Calculate the greatest common divisor of 49 and 56.
7
What is the highest common divisor of 10 and 3?
1
Calculate the highest common factor of 8 and 352.
8
Calculate the highest common divisor of 265 and 212.
53
What is the highest common factor of 80 and 1290?
10
Calculate the greatest common divisor of 378 and 18.
18
What is the highest common factor of 14 and 32?
2
What is the greatest common divisor of 104 and 8372?
52
What is the greatest common factor of 700 and 200?
100
What is the highest common divisor of 30 and 4062?
6
What is the greatest common divisor of 40 and 50?
10
Calculate the highest common divisor of 105 and 840.
105
What is the greatest common factor of 35 and 595?
35
What is the greatest common divisor of 17 and 612?
17
Calculate the greatest common factor of 85 and 35.
5
What is the highest common factor of 48 and 2472?
24
Calculate the greatest common factor of 42 and 24.
6
Calculate the highest common divisor of 9750 and 312.
78
What is the greatest common divisor of 10653 and 159?
159
What is the greatest common divisor of 72 and 1992?
24
What is the highest common factor of 391 and 368?
23
Calculate the highest common factor of 72 and 186.
6
Calculate the highest common divisor of 21 and 231.
21
Calculate the greatest common divisor of 145 and 3103.
29
Calculate the greatest common factor of 54 and 10746.
54
What is the highest common factor of 200 and 8?
8
Calculate the highest common divisor of 19178 and 892.
446
What is the highest common divisor of 812 and 21?
7
Calculate the highest common factor of 48 and 336.
48
What is the highest common factor of 52 and 32?
4
What is the highest common divisor of 7 and 11?
1
Calculate the greatest common divisor of 8 and 12248.
8
What is the greatest common divisor of 3 and 51?
3
Calculate the greatest common factor of 165 and 627.
33
Calculate the highest common factor of 1488 and 48.
48
What is the greatest common factor of 33 and 5577?
33
Calculate the greatest common divisor of 49 and 147.
49
What is the highest common factor of 16 and 5576?
8
What is the greatest common factor of 493 and 261?
29
What is the greatest common factor of 6 and 174?
6
Calculate the highest common divisor of 205 and 5.
5
What is the highest common factor of 8 and 78328?
8
Calculate the greatest common divisor of 819 and 63.
63
What is the highest common factor of 94 and 6298?
94
Calculate the greatest common divisor of 75 and 3975.
75
Calculate the highest common divisor of 11 and 12991.
11
Calculate the greatest common factor of 196 and 28.
28
What is the highest common divisor of 1815 and 110?
55
What is the highest common divisor of 1349 and 38?
19
Calculate the highest common factor of 60 and 35.
5
What is the greatest common factor of 52 and 442?
26
What is the greatest common divisor of 120 and 4480?
40
What is the greatest common divisor of 1558 and 1394?
82
What is the highest common divisor of 60 and 12?
12
Calculate the highest common factor of 128 and 28.
4
What is the highest common divisor of 150 and 675?
75
What is the greatest common factor of 2660 and 140?
140
Calculate the greatest common factor of 551 and 319.
29
What is the highest common factor of 250 and 1350?
50
Calculate the greatest common factor of 3810 and 18.
6
Calculate the highest common divisor of 74 and 22903.
37
What is the greatest common divisor of 176 and 3520?
176
What is the greatest common divisor of 148 and 1850?
74
Calculate the highest common factor of 9 and 12.
3
What is the greatest common divisor of 574 and 98?
14
What is the greatest common factor of 406 and 378?
14
Calculate the greatest common factor of 302 and 151.
151
What is the greatest common factor of 3401 and 38?
19
Calculate the greatest common divisor of 28 and 812.
28
What is the greatest common divisor of 82 and 5412?
82
Calculate the greatest common divisor of 3207 and 3.
3
What is the greatest common factor of 39 and 247?
13
Calculate the greatest common factor of 327 and 9265.
109
What is the greatest common factor of 97 and 9?
1
Calculate the highest common factor of 342 and 24.
6
What is the greatest common factor of 460 and 4?
4
Calculate the greatest common factor of 155 and 248.
31
Calculate the highest common divisor of 248 and 16.
8
Calculate the highest common factor of 5 and 3745.
5
What is the highest common factor of 1 and 1?
1
What is the greatest common factor of 11790 and 90?
90
Calculate the highest common divisor of 63 and 45.
9
Calculate the highest common factor of 74 and 24938.
74
What is the greatest common factor of 14351 and 113?
113
Calculate the greatest common divisor of 2844 and 3.
3
What is the highest common factor of 860 and 20?
20
Calculate the greatest common factor of 130 and 234.
26
Calculate the greatest common divisor of 72 and 120.
24
Calculate the greatest common divisor of 1 and 4994.
1
What is the 